
Is 919024757 prime?
False
Is 157382777 prime?
True
Is 14560831 composite?
True
Is 25409383 a composite number?
False
Is 84402797 a prime number?
True
Is 2751239 a prime number?
False
Is 3791909 prime?
False
Is 1471485251 prime?
True
Is 1403755 a composite number?
True
Is 13324937 composite?
False
Is 73271761 prime?
False
Is 100875329 a composite number?
True
Is 1910567 composite?
False
Is 1304287 composite?
True
Is 180114379 a prime number?
True
Is 638002793 a composite number?
False
Is 7282213 composite?
False
Is 99212299 a composite number?
False
Is 74489 prime?
True
Is 15945829 a prime number?
False
Is 3964183 composite?
False
Is 1338781 a prime number?
True
Is 5249033 prime?
True
Is 3708209 composite?
True
Is 439131187 prime?
False
Is 1146755 composite?
True
Is 12155543 composite?
True
Is 2001523 a composite number?
True
Is 3558963 a prime number?
False
Is 17294723 a prime number?
False
Is 207365321 prime?
True
Is 52071445 a composite number?
True
Is 7154963 prime?
False
Is 364894399 prime?
True
Is 88908947 composite?
False
Is 2300063 a composite number?
False
Is 3075211 a prime number?
False
Is 4413869 a composite number?
False
Is 111854651 composite?
False
Is 850631 a prime number?
True
Is 228677 composite?
False
Is 4621691 composite?
False
Is 87144727 composite?
False
Is 5869421 composite?
True
Is 1732411 composite?
True
Is 75721159 prime?
False
Is 2823167 a composite number?
False
Is 5650927 a composite number?
False
Is 145178035 prime?
False
Is 67172827 prime?
True
Is 806040557 prime?
False
Is 3137747 composite?
False
Is 921029 composite?
False
Is 4856771 prime?
True
Is 49049131 prime?
False
Is 63289621 a composite number?
False
Is 189607633 composite?
False
Is 1942093 composite?
True
Is 569651 a prime number?
False
Is 8880499 prime?
True
Is 95701543 a prime number?
False
Is 21592313 prime?
True
Is 1160186 prime?
False
Is 636423 prime?
False
Is 329009 composite?
False
Is 574729 composite?
True
Is 23351207 a composite number?
True
Is 161123 a composite number?
False
Is 10838923 prime?
False
Is 101868379 prime?
True
Is 134029153 composite?
False
Is 50083123 composite?
False
Is 42122218 composite?
True
Is 549817 a prime number?
True
Is 357496787 a composite number?
False
Is 79812653 a composite number?
False
Is 5661841 composite?
True
Is 7307183 a prime number?
False
Is 3005393 a composite number?
False
Is 7879063 a composite number?
True
Is 28672093 composite?
False
Is 17969621 prime?
True
Is 6285077 prime?
True
Is 8765477 prime?
False
Is 170646081 a prime number?
False
Is 627005629 a composite number?
False
Is 70058369 prime?
True
Is 104872717 a composite number?
False
Is 865717 a composite number?
False
Is 10707187 a composite number?
False
Is 34678493 prime?
False
Is 1841995 prime?
False
Is 33211799 a prime number?
True
Is 97973441 prime?
True
Is 20201 composite?
False
Is 12591083 a composite number?
True
Is 204123499 prime?
False
Is 46134883 a composite number?
True
Is 749623 composite?
True
Is 4643231 prime?
True
Is 7310143 prime?
False
Is 81484873 a composite number?
True
Is 25770071 prime?
True
Is 206430217 a composite number?
True
Is 2818589 prime?
False
Is 22274827 a prime number?
False
Is 696781 a composite number?
True
Is 4559963 a composite number?
False
Is 4928369 prime?
True
Is 29854331 composite?
True
Is 51847921 a composite number?
True
Is 33892543 composite?
True
Is 5362067 a composite number?
True
Is 26773837 composite?
False
Is 5924111 a composite number?
False
Is 15845659 prime?
False
Is 12639623 a prime number?
False
Is 611873 a prime number?
True
Is 32208261 prime?
False
Is 191560903 a prime number?
True
Is 61267163 composite?
True
Is 286996807 a composite number?
False
Is 43032233 a prime number?
True
Is 980618 prime?
False
Is 1730429 prime?
True
Is 4475797 prime?
False
Is 14049691 a prime number?
False
Is 45412403 a composite number?
False
Is 59686285 a composite number?
True
Is 1783493 prime?
True
Is 1207627 prime?
True
Is 1093259 prime?
False
Is 323087493 composite?
True
Is 51850543 a prime number?
False
Is 3961621 a composite number?
True
Is 16746031 a prime number?
False
Is 352019 a prime number?
False
Is 42610597 a composite number?
True
Is 29742701 a prime number?
False
Is 115897081 prime?
False
Is 67799597 prime?
True
Is 189641927 prime?
True
Is 3086437 a prime number?
True
Is 14836169 prime?
False
Is 105573229 prime?
True
Is 1674503 prime?
True
Is 71023237 a prime number?
True
Is 33046987 composite?
False
Is 186458 composite?
True
Is 9056953 prime?
True
Is 1901631 a prime number?
False
Is 33563471 prime?
True
Is 63369861 composite?
True
Is 361538291 composite?
False
Is 2788273 a composite number?
False
Is 4330037 composite?
False
Is 20479793 a composite number?
False
Is 1833961 a prime number?
True
Is 217066 prime?
False
Is 4461203 prime?
True
Is 20561809 a prime number?
True
Is 356441 prime?
True
Is 334266109 a composite number?
False
Is 55877387 composite?
False
Is 91297169 prime?
True
Is 1169541327 prime?
False
Is 3196363 prime?
False
Is 1863041 a prime number?
True
Is 514873 a composite number?
False
Is 51221791 prime?
True
Is 197852009 a prime number?
True
Is 54103019 composite?
True
Is 1652279 a prime number?
True
Is 41670821 prime?
True
Is 78143843 composite?
False
Is 45092533 composite?
False
Is 13681163 a composite number?
False
Is 3593969 prime?
True
Is 12416231 a composite number?
True
Is 126242303 prime?
False
Is 125466259 composite?
True
Is 9403853 a prime number?
False
Is 284629 a composite number?
True
Is 952373 prime?
False
Is 1544783 a composite number?
True
Is 22021897 a composite number?
True
Is 2784829 prime?
False
Is 3417467 composite?
False
Is 20057021 a prime number?
True
Is 37541299 prime?
True
Is 61040887 composite?
False
Is 22856729 a composite number?
True
Is 18631271 prime?
True
Is 1299533 composite?
False
Is 25010899 composite?
True
Is 268509385 a composite number?
True
Is 130425107 prime?
True
Is 4228129 prime?
False
Is 956307827 composite?
False
Is 5293177 prime?
True
Is 17924209 composite?
False
Is 4624138 a prime number?
False
Is 162649 prime?
True
Is 4759843 prime?
False
Is 2653571 composite?
False
Is 15695939 prime?
False
Is 516553977 a composite number?
True
Is 81503153 a composite number?
False
Is 416477 a composite number?
False
Is 271211 a prime number?
True
Is 473329 prime?
False
Is 27366563 prime?
False
Is 10133573 a composite number?
False
Is 202642547 composite?
False
Is 817079 prime?
False
Is 13486877 a prime number?
False
Is 3990631 composite?
True
Is 604106033 composite?
True
Is 653347 prime?
False
Is 171827 composite?
False
Is 889471591 prime?
True
Is 1345602029 prime?
False
Is 72309819 composite?
True
Is 11100293 composite?
False
Is 492287 prime?
False
Is 112743947 prime?
True
Is 8242999 prime?
False
Is 7710407 composite?
True
Is 30828113 prime?
True
Is 96152509 a prime number?
True
Is 1087231 prime?
True
Is 8701291 prime?
False
Is 22635263 composite?
True
Is 377963 a prime number?
True
Is 7943569 composite?
False
Is 604370081 composite?
True
Is 13171407 prime?
False
Is 542540257 a composite number?
True
Is 196252283 composite?
False
Is 11196554 prime?
False
Is 921371 a prime number?
False
Is 112379623 prime?
False
Is 13119 a prime number?
False
Is 70695893 prime?
True
Is 9614933 composite?
True
Is 11398301 a composite number?
False
Is 1197617 a composite number?
False
Is 1161466 composite?
True
Is 127669 composite?
False
Is 1560347 a composite number?
True
Is 314213 prime?
True
Is 38050373 prime?
True
Is 49419899 a composite number?
True
Is 748331 composite?
False
Is 775309 composite?
False
Is 1307671 a prime number?
True
Is 14788919 composite?
False
Is 329556973 a prime number?
False
Is 95236423 composite?
True
Is 9942557 composite?
False
Is 255439082 prime?
False
Is 1014583 composite?
True
Is 21251449 composite?
True
Is 4858874 composite?
True
Is 25246399 a prime number?
True
Is 260877 composite?
True
Is 145009 a composite number?
False
Is 163063951 prime?
False
Is 2693793 a prime number?
False
Is 7728467 prime?
False
Is 2002199 composite?
False
Is 876624769 a composite number?
False
Is 112876667 a composite number?
False
Is 237539 a prime number?
False
Is 5525818 composite?
True
Is 3117421 prime?
True
Is 2706031 a composite number?
True
Is 53352217